= -109 - -124. Calculate the remainder when 59 is divided by i.
14
Let o be (11 - 14) + 9*4. Suppose -o = -3*s + 2*r + r, 0 = 5*s - r - 47. Calculate the remainder when 44 is divided by s.
8
Let h = -109 - -156. Let x = h - 26. What is the remainder when x is divided by 9?
3
Let t be (-96)/(-40) + (-2)/5. Suppose -5*j = -t*j + 2*k - 180, -217 = -4*j + 5*k. What is the remainder when j is divided by 20?
18
Let a = -21 + 97. Let b(s) = 17*s**2 + s. What is the remainder when a is divided by b(-1)?
12
Suppose -5*a = c - 27, 0 = 3*c + 3*a - 12 - 9. Suppose -7*w = -c*w - 85. What is the remainder when 62 is divided by w?
11
Let k = 1459 - 1426. What is the remainder when k is divided by 15?
3
What is the remainder when -21*8/36*(-16 - 2) is divided by 72?
12
Suppose -2*a - 2*w - 4 + 32 = 0, a - 2*w = 2. Calculate the remainder when (71 - 3) + 7 + -6 is divided by a.
9
Suppose 6 = -2*p + 4*p. What is the remainder when ((-9)/5)/(-4*10/200) is divided by p?
0
Calculate the remainder when 385 is divided by 2/7 + (-453)/(-7).
60
Suppose 0 = 10*l + 103*l - 214813. Calculate the remainder when l is divided by 11.
9
Let r(n) = -442*n - 8. What is the remainder when r(-3) is divided by 44?
42
Suppose -24*q = 14*q - 4180. What is the remainder when q is divided by 7?
5
Suppose -2*m = m - 3*w - 42, -w = 5*m - 94. Calculate the remainder when 64 is divided by m.
10
Let c(a) = 5*a**3 + a**2 + 3*a - 5. Calculate the remainder when 316/12 + (-8)/6 is divided by c(1).
1
Suppose 10*x + 594 = 37*x. Let z(a) = 4*a**2 - 3*a - 7. Calculate the remainder when z(-5) is divided by x.
20
Let n(l) = -l**2 + 3*l + 145. Let q be n(0). Suppose 10*f = 65 + q. What is the remainder when 74 is divided by f?
11
Calculate the remainder when 25 is divided by 144/(-240) + (-1)/5*-33.
1
What is the remainder when (-2 - 137/(-2))/(5/10) is divided by 24?
13
Let p = -1 - -3. Suppose 3*r - 158 = 3*x - 47, 3*r + x - 131 = 0. What is the remainder when r is divided by 1*(p + 23) + -3?
20
Suppose 5*p + 0*a = -4*a + 427, -2*a = -2*p + 178. Suppose -8*w = -161 - 15. What is the remainder when p is divided by w?
21
Let h(n) = -n**3 - 17*n**2 - 5*n + 14. Let q be h(-17). Let k = q + -67. What is the remainder when 127 is divided by k?
31
Calculate the remainder when (-56)/21*(-621)/6 is divided by 56.
52
Suppose -4*l = -4*x + 8, -5*l = x + 10 - 0. Suppose 2*t = -x*t + 14. Let z(u) = -9*u**3 + 2*u**2 + 2*u + 1. Calculate the remainder when z(-1) is divided by t.
3
What is the remainder when (-3)/7 - 774/(-42) is divided by 5/(-10)*(-2 + -8)?
3
Suppose 5*j - 8*j = -24. Suppose -2*a = -j*a + 114. What is the remainder when 35 is divided by a?
16
Let k = 155 + -126. What is the remainder when k is divided by 2?
1
Let h(f) = 0 + f - 11752*f**2 + 0 + 11758*f**2. Let w(d) = d**2 + 3*d + 3. Let o be w(-2). Calculate the remainder when 27 is divided by h(o).
6
Let w(m) = 7*m**2 + 7*m - 23. What is the remainder when w(5) is divided by 10?
7
Suppose 894 = 4*i + 242. Suppose 3*v = 3*t + 246, -3*t + 0*t = -2*v + i. What is the remainder when v is divided by 21?
20
Suppose 5*u - 52 = -4*w + 12, -4*u = 4*w - 48. Calculate the remainder when 78 is divided by u.
14
Let i = -100 - -30. Let x(j) = 4*j**3 + j**2 - 3*j + 3. What is the remainder when x(2) is divided by (-1)/2 - i/4?
16
Let z = -31 - -61. Suppose 0 = -3*y + y + z. What is the remainder when y is divided by 6?
3
Let s be (3 - -2) + -3 + 4. Suppose -6 - s = -3*y. Calculate the remainder when y is divided by 4.
0
Suppose 25*o = 91*o - 1125 + 69. Suppose 4*t - 73 = 159. What is the remainder when t is divided by o?
10
Let o be (-2)/(-4) - 9/6. Let i be (2 - 3)/(o/12). Suppose -s = 5*t - 30, 0 = 4*t - 4*s - i - 36. Calculate the remainder when 12 is divided by t.
5
Let i(d) = 2*d**3 - d**2 + 2*d + 6. Let v be i(4). What is the remainder when 113 is divided by (4 + v/(-3))*-1?
37
Suppose -3*g = 2*g - 65. Let x(p) = -p**2 + 5*p + 16. Let l be x(8). What is the remainder when 401/8 - (-1)/l is divided by g?
11
Suppose -3 = m + 3*w, 5*m - m - 5*w - 39 = 0. Suppose m*j - 5*j = 26. Calculate the remainder when 46 is divided by j.
20
What is the remainder when 144 is divided by (-8)/(-12)*(48 + -3)?
24
Let s(k) = -k + 9. Suppose -g - w = w - 1, -5*w = -5. Let p be (13 - g)/(-5 - -4). What is the remainder when 90 is divided by s(p)?
21
Let c be 3 - -1 - 68/(-4). Suppose -16 = j - c. What is the remainder when 13 is divided by j?
3
Suppose 0 = -9*k - k + 50. Suppose k*l = -2*f + 261, -f + 3*f + 147 = 3*l. Calculate the remainder when l is divided by 18.
15
Let f(p) = -p**2 + 8*p + 3. Let t = 29 - 24. What is the remainder when 71 is divided by f(t)?
17
Suppose 0 = 31*d - 34*d + 111. What is the remainder when 1363 is divided by d?
31
Suppose 0 = -27*k + 663 + 2226. What is the remainder when k is divided by 16?
11
Let m = -23 + 43. Suppose -s = 3*v + 171, s + s = v + 64. Let x = 1 - v. What is the remainder when x is divided by m?
19
Suppose -560 + 225 = -5*n. Calculate the remainder when n is divided by ((-68)/12)/(1/(-3)).
16
Let s(m) = -m - 11. Let p(z) = z + 12. Let r(y) = -5*p(y) - 4*s(y). What is the remainder when 19 is divided by r(-27)?
8
Let o = 83 + -80. Let y(m) = 10*m**2 - 1. Calculate the remainder when y(-2) is divided by ((-28)/o)/(((-140)/(-21))/(-10)).
11
Let g = -9 - -15. Let d(m) = 33*m - 10. Let s be d(6). What is the remainder when (-1)/(s/(-92) - -2) is divided by g?
5
Let s(c) = -104*c**2 + 1. Let m be s(1). Let r = m - -120. Calculate the remainder when r is divided by 7.
3
Let g(j) = -2*j**2 + 12*j + 12. Let i be g(7). Calculate the remainder when 17 is divided by ((-40)/14)/((20/35)/i).
7
Suppose 14*q - 12*q - 20 = 0. Suppose 0 = -q*w + 4*w + 126. What is the remainder when 102 is divided by w?
18
Suppose -228 = -4*i + 2*w, i + 3*i - 5*w - 240 = 0. What is the remainder when i is divided by (-88)/(-3) - (-4)/(-12)?
26
Let w = -256 - -278. Suppose 0 = -m - 5*r + 47, r + 17 = -4*m + 129. Suppose 0*c + 3*c = m. What is the remainder when w is divided by c?
4
Suppose 7*g - 765 = -38*g. What is the remainder when 186 is divided by g?
16
Suppose -4*m = f + 4, 3*m + 22 = -0*f + 4*f. Suppose -18 = -f*z + z. Suppose z = y - 5. Calculate the remainder when 42 is divided by y.
9
Suppose -33*c + 430 = -65. What is the remainder when 146 is divided by c?
11
Suppose 3*d + 29 = 353. What is the remainder when d is divided by 24?
12
Suppose 3*p - 5*p + 8 = -y, -16 = -3*y - 2*p. Suppose -2 + 0 = -y*j, 3*j - 163 = -5*c. Let l = c - 2. Calculate the remainder when l is divided by 11.
8
Let l(f) = 2*f**3 - 6*f**2 - 5*f - 1. Let w = 240 + -193. Calculate the remainder when l(6) is divided by w.
44
Let p(n) = -n**2 - 4*n - 2. Let d be p(-2). Suppose s + d*r + 3*r = -4, 3*r + 24 = -3*s. Let y = 19 - s. Calculate the remainder when 81 is divided by y.
25
Suppose 0*o + 4*s - 109 = 5*o, 0 = 4*o - 3*s + 88. Let f = 31 + o. Calculate the remainder when 1/f + (-735)/(-18) is divided by 14.
13
Let n be -33 + -4 + 28/4. Let g = 14 + -6. What is the remainder when g is divided by n/(-7) - 6/21?
0
Let p = -10 - -15. Suppose 0 = -p*c + 25, c = -4*t - 3*c + 64. Suppose -x + 0*d + t = -5*d, -9 = -2*x - 3*d. Calculate the remainder when x is divided by 4.
2
Suppose 4*p + 15 - 55 = -4*a, 4*a = -p + 25. Suppose 1 = -b + a*z, 3*z - 14 - 7 = 4*b. Let f = b - -21. What is the remainder when 29 is divided by f?
14
Let l(m) = -m + 12. Let u be l(8). Calculate the remainder when 36 is divided by (u - (0 + 0))*196/112.
1
Suppose 3*x - x = a - 75, 4*x + 357 = 5*a. What is the remainder when a is divided by (252/(-45))/(0 - (-4)/(-10))?
13
Suppose 3*f - 5*o + 7 = 4*f, 5*o = -4*f + 58. Suppose 205*c + 504 = 211*c. What is the remainder when c is divided by f?
16
Let g = 19084 + -19079. Suppose -n - 20 = -5*n. Let v = n + 12. Calculate the remainder when v is divided by g.
2
Suppose -10*q = -14*q - 12. Calculate the remainder when (4 - 1) + (q - -3) is divided by 2.
1
Let m(u) = -2*u + 29. Let i be m(9). Let l = 26 + i. Calculate the remainder when l is divided by 13.
11
Let m = -90 - -119. What is the remainder when 57 is divided by m?
28
Suppose n - f = 2*n + 110, -3*n - 327 = 4*f. Let t = -29 - n. Calculate the remainder when t is divided by 43.
41
Suppose -32*g + 23*g + 252